-t**3 - 3*t**2 + 3*t + 8. Give o(-2).
-2
Let t(v) = v**3 + 4*v**2 + 11*v + 5. Calculate t(-4).
-39
Let t(y) = -6*y + 12. Give t(0).
12
Let n(k) = -k**2 - 12*k + 30. Calculate n(-13).
17
Let k(s) = s**3 - s + 17. Calculate k(0).
17
Let z(s) = -7*s - 1. Give z(-1).
6
Let v(y) = -y**3 + 8*y**2 - 11*y + 4. Give v(7).
-24
Let t(z) = 8*z**2 - 2*z + 1. Determine t(1).
7
Let i(m) = m - 18. Calculate i(-8).
-26
Let c(b) = 2*b**3 - 69*b**2 + 99*b - 2. What is c(33)?
-2
Let j(b) = 3*b - 62. What is j(19)?
-5
Let b(t) = -t**3 + 13*t**2 - 10*t - 27. What is b(12)?
-3
Let s(h) = -25*h. Determine s(-1).
25
Let y(c) = -15*c - 5. Give y(3).
-50
Let y(a) = -a**2 - 9*a + 3. Calculate y(6).
-87
Let v(a) = a**3 + 4*a**2 - 2*a + 9. Determine v(0).
9
Let q(k) = -4*k - 21. Calculate q(-3).
-9
Let r(k) = -k**2 + 8*k + 5. What is r(8)?
5
Let c(w) = -2*w**2 + 20*w - 14. What is c(9)?
4
Let w(k) = -k**2 - 5*k - 18. Give w(-8).
-42
Let s(o) = -4*o**2 + o + 1. Determine s(3).
-32
Let p(o) = -o**3 - 18*o**2 - 14*o + 38. Calculate p(-17).
-13
Let u(s) = s. Calculate u(11).
11
Let w(q) = -7*q - 3. What is w(3)?
-24
Let o(x) = x**3 - 15*x**2 - 13*x - 45. What is o(16)?
3
Let r(q) = -q**2 + 8*q + 16. What is r(5)?
31
Let n(a) = -4*a + 9. What is n(6)?
-15
Let w(l) = l**2 + 13*l + 26. What is w(-11)?
4
Let h(t) = t**2 - 10*t + 36. Give h(5).
11
Let l(h) = h**3 + 13*h**2 + 29*h - 23. Give l(-10).
-13
Let u(n) = -2*n + 11. Determine u(13).
-15
Let i(n) = -9*n**3 - 1. What is i(1)?
-10
Let i(j) = 2*j**2 + 35*j + 1. Calculate i(-17).
-16
Let v(n) = 2*n**3 - 4*n - 6. Calculate v(-2).
-14
Let o(y) = y - 2. Determine o(-1).
-3
Let a(p) = -p**2 - 4*p + 5. What is a(-4)?
5
Let a(x) = -12*x - 11. Determine a(-4).
37
Let o(y) = -7*y**2 - y. Give o(-1).
-6
Let o(w) = w - 10. Determine o(18).
8
Let d(y) = -y**3 + 2*y**2 + 28*y + 11. Give d(6).
35
Let x(v) = -v**2 - 14*v + 2. Determine x(-14).
2
Let y(r) = 2*r + 5. Calculate y(6).
17
Let n(y) = -y**3 - 8*y**2 + 2*y + 12. Determine n(-8).
-4
Let f(q) = 2*q + 29. Calculate f(-14).
1
Let k(v) = -v**2 + 14*v - 19. Calculate k(13).
-6
Let z(i) = -240*i - 247. Give z(-1).
-7
Let x(c) = c**2 - 8*c + 12. Determine x(2).
0
Let y(m) = 4*m**3 + 39*m**2 + 23*m - 30. Give y(-9).
6
Let b(r) = r**3 + 5*r**2 - 8*r - 13. Give b(-6).
-1
Let b(m) = -6*m + 7. Give b(3).
-11
Let p(l) = l**3 - 2*l**2 + l - 1. Determine p(-2).
-19
Let v(g) = 3*g**2 - 17*g + 31. Calculate v(3).
7
Let j(g) = g**2 - 5*g + 4. Calculate j(5).
4
Let k(q) = 2*q - 51. What is k(20)?
-11
Let l(r) = -2*r**2 - 23*r - 26. What is l(-10)?
4
Let t(j) = j + 3. Calculate t(-15).
-12
Let v(o) = -6*o + 23. What is v(3)?
5
Let n(d) = d - 11. Calculate n(6).
-5
Let q(r) = 9*r**2 + 7*r. Give q(3).
102
Let a(b) = -b**3 + 3*b - 1. Calculate a(2).
-3
Let u(c) = -3*c + 3. Determine u(-4).
15
Let p(h) = -53*h + 247. Determine p(5).
-18
Let b(s) = -s**2 + 7*s. What is b(5)?
10
Let f(k) = -2*k + 15. Determine f(13).
-11
Let d(v) = 4*v**3 - 2*v + 2. Determine d(2).
30
Let g(l) = -6*l**2 - 10*l + 10. Calculate g(1).
-6
Let z(v) = -v**2 + 5*v - 7. Determine z(4).
-3
Let z(l) = -6*l**2 + 9*l + 7. Calculate z(-4).
-125
Let t(y) = -y**3 + 11*y**2 - 12*y - 9. Determine t(10).
-29
Let f(t) = t**3 - 22*t**2 + 25*t + 51. Give f(21).
135
Let v(d) = -4*d + 7. Determine v(3).
-5
Let k(a) = -a**3 + 23*a**2 - 100*a - 40. Determine k(17).
-6
Let o(p) = -p**2 + 25*p + 55. Give o(27).
1
Let o(l) = -l**3 - 12*l**2 + 33*l + 17. Determine o(-14).
-53
Let d(o) = 9*o + 7. What is d(-4)?
-29
Let z(s) = -s**3 + 8*s**2 - 5*s + 7. What is z(8)?
-33
Let g(r) = -17*r. Calculate g(0).
0
Let m(x) = -x + 7. Give m(-7).
14
Let b(r) = r**2 - r + 2. Give b(1).
2
Let t(n) = n**3 + 6*n**2 - n - 12. Give t(-6).
-6
Let u(j) = j**3 - 4*j**2 - 3*j + 3. Calculate u(4).
-9
Let f(l) = -10*l + 3. Determine f(0).
3
Let h(v) = 3*v**2 + 27*v + 4. Determine h(-9).
4
Let x(q) = q**3 + 4*q**2 - 5*q + 4. Give x(-5).
4
Let f(w) = 5*w + 22. Determine f(-6).
-8
Let c(v) = -2*v**3 - 17*v**2 - 23*v - 2. Determine c(-6).
-44
Let b(p) = 3*p + 21. Give b(-15).
-24
Let i(u) = -2*u**3 + 11*u**2 + 8*u - 41. Calculate i(5).
24
Let s(g) = -3*g + 17. Determine s(9).
-10
Let z(o) = -o + 29. What is z(22)?
7
Let u(y) = 7*y + 17. Calculate u(-4).
-11
Let x(i) = i**3 + i**2 + i. Determine x(1).
3
Let u(r) = r**3 - 9*r**2 + 9*r - 13. Give u(7).
-48
Let s(i) = i**2 + 15*i - 754. Give s(21).
2
Let b(y) = -y**2 - 12*y + 7. Determine b(0).
7
Let s(p) = -16*p + 67. What is s(4)?
3
Let x(v) = -v**2 - 4. Determine x(3).
-13
Let r(w) = -w**3 + 9*w - 3. What is r(3)?
-3
Let u(s) = 2*s - 39. Give u(14).
-11
Let l(x) = -2*x + 15. Determine l(6).
3
Let f(l) = -l**3 - 13*l**2 - 19*l + 11. Determine f(-12).
95
Let k(q) = q**3 + 7*q**2 - 8*q - 5. Determine k(-8).
-5
Let l(g) = -g**3 + 7*g**2 + 9*g - 14. Determine l(8).
-6
Let x(a) = -a**2 - 19*a - 7. Calculate x(-9).
83
Let n(v) = 2*v + 8. Give n(0).
8
Let d(u) = -u**3 - 9*u**2 - 7*u + 7. Determine d(-8).
-1
Let n(r) = -3*r**2 + 4*r - 4. Give n(3).
-19
Let t(f) = -2*f**2 + 15*f - 29. Calculate t(4).
-1
Let g(p) = -3*p**2 + 39*p + 38. Calculate g(14).
-4
Let o(m) = 4*m + 10. Give o(-7).
-18
Let i(y) = -3*y**2 + 2*y - 1. Determine i(1).
-2
Let x(g) = -15*g - 200. Give x(-13).
-5
Let q(f) = 3*f + 29. Calculate q(-9).
2
Let l(g) = 94*g - 2. Give l(-1).
-96
Let f(x) = -3*x**2 + 7*x + 32. What is f(-4)?
-44
Let p(m) = m**3 + 8*m**2 + 7*m + 15. Calculate p(-7).
15
Let u(v) = 19*v - 8. Determine u(-1).
-27
Let f(t) = -t**3 + 9*t**2 + 11*t - 4. What is f(10)?
6
Let t(m) = -m + 7. Calculate t(14).
-7
Let s(y) = -y**2 + 7*y + 121. What is s(15)?
1
Let s(y) = -y + 9. What is s(6)?
3
Let u(n) = 2*n**3 - 2*n**2 + n - 5. Give u(2).
5
Let d(u) = -7*u + 13. Calculate d(5).
-22
Let h(q) = 2*q**3 + q**2 + 1. Calculate h(-2).
-11
Let y(p) = p**3 - 5*p**2 - 34*p - 19. Determine y(9).
-1
Let g(z) = 3*z**2 - 21*z + 3. What is g(6)?
-15
Let q(b) = 3*b - 49. What is q(30)?
41
Let b(l) = l**3 + 13*l**2 + 23*l - 6. Determine b(-11).
-17
Let o(k) = k**3 - 6*k**2 + 2*k + 3. What is o(6)?
15
Let b(y) = y**3 + 3*y**2 + 5*y - 4. Calculate b(-3).
-19
Let f(c) = 3*c**2 + 6*c + 6. Determine f(-3).
15
Let k(d) = 72*d + 350. What is k(-5)?
-10
Let p(a) = a + 6. Give p(-7).
-1
Let m(i) = 2*i**3 - 3*i**2 + 4*i - 5. Give m(2).
7
Let a(r) = r + 24. Determine a(-4).
20
Let j(q) = 7*q**2 + 448*q. Give j(-64).
0
Let s(k) = 27*k**3 + 2*k**2 - 2*k + 1. Determine s(1).
28
Let a(u) = -u**2 - 7*u + 134. Calculate a(-13).
56
Let r(d) = 7*d. Calculate r(6).
42
Let o(l) = -17*l + 16. Give o(2).
-18
Let t(r) = 22*r**2 - 2*r - 1. Give t(-1).
23
Let k(w) = -w + 6. Calculate k(6).
0
Let c(f) = -13*f - 16. Calculate c(-9).
101
Let h(k) = -k**3 + 3*k**2 + 2*k - 8. Give h(3).
-2
Let g(p) = 15*p**3 + p**2 + 5*p + 1. Calculate g(2).
135
Let f(b) = b**3 - 6*b**2 + 8*b - 5. Determine f(4).
-5
Let d(a) = a**3 + 16*a**2 - 20*a - 24. Determine d(-17).
27
Let w(j) = 2*j**3 - 58*j**2 + j - 57. Calculate w(29).
-28
Let l(h) = -3*h**2 + 50*h - 71. Calculate l(15).
4
Let t(d) = 3*d - 63. Calculate t(24).
9
Let d(i) = 4*i + 43. What is d(-6)?
19
Let i(r) = -2*r**2 - 101*r - 131. Calculate i(-49).
16
Let h(i) = -i - 27. Give h(-6).
-21
Let x(h) = -2*h + 7. What is x(5)?
-3
Let f(v) = -v**2 - 6*v + 47. Determine f(5).
-8
Let r(d) = -d**2 + 3*d - 13. Calculate r(4).
-17
Let y(d) = d**3 - 5*d**2 + 14*d - 64. Determine y(5).
6
Let n(f) = -f**2 - 7*f + 1. Give n(-5).
11
Let o(u) = u**3 - 12*u**2 - 8*u - 30. Determine o(13).
35
Let j(a) = -a**2 - 3*a - 1. Determine j(-4).
-5
Let y(p) = p**2 - 3*p - 1. Calculate y(-5).
39
Let y(d) = -d**3 + 6*d**2 - 5*d + 13. Give y(5).
13
Let u(o) = o**2 + 4*o. Determine u(-5).
5
Let n(b) = -3*b + 75. Give n(18).
21
Let u(c) = c**2 - 5*c + 1. Give u(0).
1
Let k(r) = r**3 - 2*r**2 - r - 4. Calculate k(3).
2
Let s(w) = w + 11. Determine s(6).
17
Let j(g) = -g**2 + 20*g + 5. What is j(20)?
5
Let v(l) = -48*l + 13. Give v(3).
-131
Let y(i) = -2*i. Give y(-7).
14
Let j(h) = -24*h**3 + 2*h - 1. Calculate j(1).
-23
Let w(y) = 12*y - 1. Give w(-3).
-37
Let i(u) = 3*u + 42. Determine i(-12).
6
Let g(i) = i**3 + i**2 - 2*i - 3. What is g(-3)?
-15
Let h(s) = -s**3 + 17*s**2 + 269*s + 30. Give h(27).
3
Let v(z) = 4*z + 12. Determine v(-6).
-12
Let r(z) = 12*z + 47. What is r(-3)?
11
Let r(l) = 